{"id":16,"date":"2026-01-04T14:49:51","date_gmt":"2026-01-04T13:49:51","guid":{"rendered":"https:\/\/radca-wrzosek.pl\/?page_id=16"},"modified":"2026-01-27T23:00:13","modified_gmt":"2026-01-27T22:00:13","slug":"strona-domowa","status":"publish","type":"page","link":"https:\/\/radca-wrzosek.pl\/","title":{"rendered":"Strona domowa"},"content":{"rendered":"\n<div class=\"wp-block-cover alignfull\" style=\"min-height:720px;aspect-ratio:unset;\"><img loading=\"lazy\" decoding=\"async\" width=\"1024\" height=\"683\" class=\"wp-block-cover__image-background wp-image-167 size-large\" alt=\"\" src=\"https:\/\/radca-wrzosek.pl\/wp-content\/uploads\/2026\/01\/DSC04092-1024x683.jpg\" style=\"object-position:43% 12%\" data-object-fit=\"cover\" data-object-position=\"43% 12%\" srcset=\"https:\/\/radca-wrzosek.pl\/wp-content\/uploads\/2026\/01\/DSC04092-1024x683.jpg 1024w, https:\/\/radca-wrzosek.pl\/wp-content\/uploads\/2026\/01\/DSC04092-300x200.jpg 300w, https:\/\/radca-wrzosek.pl\/wp-content\/uploads\/2026\/01\/DSC04092-768x512.jpg 768w, https:\/\/radca-wrzosek.pl\/wp-content\/uploads\/2026\/01\/DSC04092-1536x1024.jpg 1536w, https:\/\/radca-wrzosek.pl\/wp-content\/uploads\/2026\/01\/DSC04092-2048x1365.jpg 2048w\" sizes=\"auto, (max-width: 1024px) 100vw, 1024px\" \/><span aria-hidden=\"true\" class=\"wp-block-cover__background has-background-dim wp-block-cover__gradient-background has-background-gradient has-vivid-cyan-blue-to-vivid-purple-gradient-background\"><\/span><div class=\"wp-block-cover__inner-container is-layout-flow wp-block-cover-is-layout-flow\">\n<div class=\"inherit-container-width wp-block-group alignwide is-layout-constrained wp-block-group-is-layout-constrained\">\n<div class=\"wp-block-media-text alignwide has-media-on-the-right is-stacked-on-mobile is-vertically-aligned-center\" style=\"grid-template-columns:auto 42%\"><div class=\"wp-block-media-text__content\">\n<h1 class=\"wp-block-heading has-text-align-left has-white-color has-text-color\">Profesjonalizm, pasja i jako\u015b\u0107<\/h1>\n\n\n\n<p class=\"has-white-color has-text-color\"><em>\u201eNie o\u015bmielamy si\u0119 robi\u0107 wielu rzeczy, poniewa\u017c s\u0105 one trudne, ale s\u0105 takie, poniewa\u017c nie odwa\u017camy si\u0119 ich spr\u00f3bowa\u0107.\u201d<\/em> &#8211; Seneka<\/p>\n\n\n\n<p class=\"has-text-align-right has-white-color has-text-color\"><\/p>\n\n\n\n<div class=\"wp-block-buttons is-layout-flex wp-block-buttons-is-layout-flex\"><\/div>\n\n\n\n<figure class=\"wp-block-gallery has-nested-images columns-default is-cropped wp-block-gallery-1 is-layout-flex wp-block-gallery-is-layout-flex\"><\/figure>\n<\/div><figure class=\"wp-block-media-text__media\"><\/figure><\/div>\n<\/div>\n<\/div><\/div>\n\n\n\n<hr class=\"wp-block-separator has-text-color has-alpha-channel-opacity has-background is-style-default\" style=\"margin-top:var(--wp--preset--spacing--60);margin-bottom:var(--wp--preset--spacing--60);background-color:#c9a24d;color:#c9a24d\"\/>\n\n\n\n<div class=\"wp-block-group alignfull has-background is-content-justification-center is-layout-constrained wp-container-core-group-is-layout-6c94702f wp-block-group-is-layout-constrained\" style=\"background-color:#f5f6f8;padding-bottom:0px\">\n<div class=\"wp-block-columns are-vertically-aligned-top is-layout-flex wp-container-core-columns-is-layout-00723822 wp-block-columns-is-layout-flex\">\n<div class=\"wp-block-column is-vertically-aligned-top is-layout-flow wp-container-core-column-is-layout-6b73ce23 wp-block-column-is-layout-flow\">\n<figure class=\"wp-block-image aligncenter size-full is-resized\"><img decoding=\"async\" src=\"https:\/\/radca-wrzosek.pl\/wp-content\/uploads\/2026\/01\/stethoscope.svg\" alt=\"\" class=\"wp-image-38\" style=\"width:48px\"\/><\/figure>\n\n\n\n<h2 class=\"wp-block-heading has-text-align-center has-ast-global-color-2-color has-text-color has-link-color has-small-font-size wp-elements-e350d4b3bc2e5766f0e10bacc6af4f9f\"><strong>PRAWO<\/strong> <strong>MEDYCZNE<\/strong><\/h2>\n\n\n\n<hr class=\"wp-block-separator has-text-color has-alpha-channel-opacity has-background\" style=\"background-color:#d6b46a;color:#d6b46a\"\/>\n\n\n\n<p class=\"has-text-align-center has-small-font-size\">kompleksowa obs\u0142uga prawna podmiot\u00f3w wykonuj\u0105cych dzia\u0142alno\u015b\u0107 lecznicz\u0105, szkolenia dla personelu medycznego, podmiot\u00f3w leczniczych, wsparcie dla lekarzy przy wyborze formy prawnej wykonywanej dzia\u0142alno\u015bci, reprezentacja przed s\u0105dami w sprawach o tzw. b\u0142\u0119dy medyczne<\/p>\n<\/div>\n\n\n\n<div class=\"wp-block-column is-vertically-aligned-top is-layout-flow wp-container-core-column-is-layout-6b73ce23 wp-block-column-is-layout-flow\">\n<figure class=\"wp-block-image aligncenter size-full is-resized\"><img decoding=\"async\" src=\"https:\/\/radca-wrzosek.pl\/wp-content\/uploads\/2026\/01\/shopping-cart.svg\" alt=\"\" class=\"wp-image-39\" style=\"width:48px\"\/><\/figure>\n\n\n\n<h3 class=\"wp-block-heading has-text-align-center has-ast-global-color-2-color has-text-color has-link-color has-small-font-size wp-elements-6df0f5175db2363876ec668c1760cbfc\" style=\"margin-top:16px\">PRAWO ZAM\u00d3WIE\u0143 PUBLICZNYCH<\/h3>\n\n\n\n<hr class=\"wp-block-separator has-text-color has-alpha-channel-opacity has-background\" style=\"background-color:#d6b46a;color:#d6b46a\"\/>\n\n\n\n<p class=\"has-text-align-center has-small-font-size\" style=\"padding-top:0;padding-bottom:0\">pomoc prawna w zakresie zam\u00f3wie\u0144 publicznych zar\u00f3wno dla Zamawiaj\u0105cych jak i Wykonawc\u00f3w, w tym zakresie Kancelaria wsp\u00f3\u0142tworzy projekt&nbsp;<a href=\"http:\/\/www.zamowieniowcy.pl\/\">www.zamowieniowcy.pl<\/a>, w ramach kt\u00f3rego oferujemy naszym Klientom kompleksow\u0105 obs\u0142ug\u0119 zam\u00f3wieniow\u0105<\/p>\n<\/div>\n\n\n\n<div class=\"wp-block-column is-vertically-aligned-top is-layout-flow wp-container-core-column-is-layout-6b73ce23 wp-block-column-is-layout-flow\">\n<figure class=\"wp-block-image aligncenter size-full is-resized\"><img decoding=\"async\" src=\"https:\/\/radca-wrzosek.pl\/wp-content\/uploads\/2026\/01\/briefcase.svg\" alt=\"\" class=\"wp-image-40\" style=\"width:48px\"\/><\/figure>\n\n\n\n<h3 class=\"wp-block-heading has-text-align-center has-ast-global-color-2-color has-text-color has-link-color has-small-font-size wp-elements-729977de2f73dd0a8746bb76b41bae61\" style=\"margin-top:16px\">PRAWO PRACY<\/h3>\n\n\n\n<hr class=\"wp-block-separator has-text-color has-alpha-channel-opacity has-background\" style=\"background-color:#d6b46a;color:#d6b46a\"\/>\n\n\n\n<p class=\"has-text-align-center has-small-font-size\">wsparcie&nbsp;pracodawc\u00f3w i pracownik\u00f3w w prawid\u0142owym kszta\u0142towaniu stosunk\u00f3w pracy, zar\u00f3wno na etapie nawi\u0105zywania wsp\u00f3\u0142pracy, jak i jej trwania oraz zako\u0144czenia, rozwi\u0105zywanie spor\u00f3w pracowniczych, przygotowywanie regulamin\u00f3w wewn\u0119trznych oraz reprezentacja w post\u0119powaniach przed s\u0105dami pracy i organami kontrolnymi<\/p>\n<\/div>\n<\/div>\n<\/div>\n\n\n\n<div class=\"wp-block-group alignfull has-background is-layout-constrained wp-block-group-is-layout-constrained\" style=\"background-color:#f5f6f8;padding-bottom:0px\">\n<div class=\"wp-block-columns are-vertically-aligned-top is-layout-flex wp-container-core-columns-is-layout-00723822 wp-block-columns-is-layout-flex\">\n<div class=\"wp-block-column is-vertically-aligned-top is-layout-flow wp-container-core-column-is-layout-6b73ce23 wp-block-column-is-layout-flow\">\n<figure class=\"wp-block-image aligncenter size-full is-resized\"><img decoding=\"async\" src=\"https:\/\/radca-wrzosek.pl\/wp-content\/uploads\/2026\/01\/stack-3.svg\" alt=\"\" class=\"wp-image-41\" style=\"width:48px;height:auto\"\/><\/figure>\n\n\n\n<h3 class=\"wp-block-heading has-text-align-center has-ast-global-color-2-color has-text-color has-link-color has-small-font-size wp-elements-9a4ba0cb844e245c433302c5d36a8465\" style=\"margin-top:16px\">PRAWO HANDLOWE<\/h3>\n\n\n\n<hr class=\"wp-block-separator has-text-color has-alpha-channel-opacity has-background\" style=\"background-color:#d6b46a;color:#d6b46a\"\/>\n\n\n\n<p class=\"has-text-align-center has-small-font-size\">obs\u0142uga prawna przedsi\u0119biorc\u00f3w, w tym sp\u00f3\u0142ek prawa handlowego, w szczeg\u00f3lno\u015bci w zakresie bie\u017c\u0105cego funkcjonowania, tworzenie i przekszta\u0142canie sp\u00f3\u0142ek, a tak\u017ce negocjowanie um\u00f3w, opiniowanie i tworzenie dokument\u00f3w korporacyjnych<\/p>\n<\/div>\n\n\n\n<div class=\"wp-block-column is-vertically-aligned-top is-layout-flow wp-container-core-column-is-layout-6b73ce23 wp-block-column-is-layout-flow\">\n<figure class=\"wp-block-image aligncenter size-full is-resized\"><img decoding=\"async\" src=\"https:\/\/radca-wrzosek.pl\/wp-content\/uploads\/2026\/01\/gavel.svg\" alt=\"\" class=\"wp-image-42\" style=\"width:48px;height:auto\"\/><\/figure>\n\n\n\n<h3 class=\"wp-block-heading has-text-align-center has-ast-global-color-2-color has-text-color has-link-color has-small-font-size wp-elements-01fd98966a2c38d3759bb808059d5476\" style=\"margin-top:16px\">PRAWO CYWILNE<\/h3>\n\n\n\n<hr class=\"wp-block-separator has-text-color has-alpha-channel-opacity has-background\" style=\"background-color:#d6b46a;color:#d6b46a\"\/>\n\n\n\n<p class=\"has-text-align-center has-small-font-size\">wsparcie przy kszta\u0142towaniu um\u00f3w cywilnoprawnych, reprezentacja Klient\u00f3w w post\u0119powaniach przeds\u0105dowych oraz s\u0105dowych, w tym w sporach wynikaj\u0105cych z niewykonania lub nienale\u017cytego wykonania zobowi\u0105za\u0144, wsparcie w negocjacjach i mediacjach<\/p>\n<\/div>\n\n\n\n<div class=\"wp-block-column is-vertically-aligned-top is-layout-flow wp-container-core-column-is-layout-6b73ce23 wp-block-column-is-layout-flow\">\n<figure class=\"wp-block-image aligncenter size-full is-resized\"><img decoding=\"async\" src=\"https:\/\/radca-wrzosek.pl\/wp-content\/uploads\/2026\/01\/friends.svg\" alt=\"\" class=\"wp-image-43\" style=\"width:48px\"\/><\/figure>\n\n\n\n<h3 class=\"wp-block-heading has-text-align-center has-ast-global-color-2-color has-text-color has-link-color has-small-font-size wp-elements-a2b69ef16c869a05b3b6246dab0eceab\" style=\"margin-top:16px\">PRAWO RODZINNE<\/h3>\n\n\n\n<hr class=\"wp-block-separator has-text-color has-alpha-channel-opacity has-background\" style=\"background-color:#d6b46a;color:#d6b46a\"\/>\n\n\n\n<p class=\"has-text-align-center has-small-font-size\">pomoc prawna w sprawach rozwodowych i o separacj\u0119, a tak\u017ce dotycz\u0105cych w\u0142adzy rodzicielskiej oraz ustalenia kontakt\u00f3w z dzieckiem<\/p>\n<\/div>\n<\/div>\n<\/div>\n\n\n\n<div class=\"wp-block-group alignfull is-layout-constrained wp-container-core-group-is-layout-45b0ac4f wp-block-group-is-layout-constrained\" id=\"services\" style=\"padding-top:144px;padding-bottom:0px\">\n<h2 class=\"wp-block-heading has-text-align-center has-large-font-size\">Zakres us\u0142ug<\/h2>\n\n\n\n<hr class=\"wp-block-separator has-text-color has-alpha-channel-opacity has-background is-style-default\" style=\"margin-top:0;margin-bottom:0;background-color:#c9a24d;color:#c9a24d\"\/>\n\n\n\n<div class=\"wp-block-columns is-layout-flex wp-container-core-columns-is-layout-60cbf9bb wp-block-columns-is-layout-flex\" style=\"margin-top:50px\">\n<div class=\"wp-block-column is-layout-flow wp-container-core-column-is-layout-6b73ce23 wp-block-column-is-layout-flow\">\n<figure class=\"wp-block-image aligncenter size-full is-resized\"><img decoding=\"async\" src=\"https:\/\/radca-wrzosek.pl\/wp-content\/uploads\/2026\/01\/handshake.svg\" alt=\"\" class=\"wp-image-52\" style=\"width:100px\"\/><\/figure>\n\n\n\n<h3 class=\"wp-block-heading has-text-align-center has-medium-font-size\" style=\"margin-top:16px\">Obs\u0142uga prawna<\/h3>\n\n\n\n<p class=\"has-text-align-center\">Oferujemy wsparcie prawne bie\u017c\u0105cej dzia\u0142alno\u015bci, m.in. poprzez zapewnienie kompleksowej obs\u0142ugi prawnej podmiot\u00f3w gospodarczych oraz podmiot\u00f3w leczniczych<\/p>\n<\/div>\n\n\n\n<div class=\"wp-block-column is-layout-flow wp-container-core-column-is-layout-6b73ce23 wp-block-column-is-layout-flow\">\n<figure class=\"wp-block-image aligncenter size-full is-resized\"><img decoding=\"async\" src=\"https:\/\/radca-wrzosek.pl\/wp-content\/uploads\/2026\/01\/checklist.svg\" alt=\"\" class=\"wp-image-54\" style=\"width:100px\"\/><\/figure>\n\n\n\n<h3 class=\"wp-block-heading has-text-align-center has-medium-font-size\" style=\"margin-top:16px\"><strong>Wsparcie w zam\u00f3wieniach publicznych \u2013 post\u0119powanie od A do&nbsp;<\/strong>Z<\/h3>\n\n\n\n<p class=\"has-text-align-center\">Zapewniamy kompleksowe wsparcie na ka\u017cdym etapie post\u0119powania o udzielenie zam\u00f3wienia publicznego \u2013 zar\u00f3wno po stronie Zamawiaj\u0105cych, jak i Wykonawc\u00f3w<\/p>\n\n\n\n<p class=\"has-text-align-center\">Wsp\u00f3\u0142pracujemy w tym zakresie z do\u015bwiadczonym specjalist\u0105 ds. zam\u00f3wie\u0144 publicznych, co pozwala \u0142\u0105czy\u0107 wiedz\u0119 prawn\u0105 z praktycznym podej\u015bciem i oferowa\u0107 rozwi\u0105zania dostosowane do indywidualnych potrzeb Klienta<\/p>\n<\/div>\n\n\n\n<div class=\"wp-block-column is-layout-flow wp-container-core-column-is-layout-6b73ce23 wp-block-column-is-layout-flow\">\n<figure class=\"wp-block-image aligncenter size-full is-resized\"><img decoding=\"async\" src=\"https:\/\/radca-wrzosek.pl\/wp-content\/uploads\/2026\/01\/lightbulb.svg\" alt=\"\" class=\"wp-image-55\" style=\"width:100px\"\/><\/figure>\n\n\n\n<h3 class=\"wp-block-heading has-text-align-center has-medium-font-size\" style=\"margin-top:16px\">Konsultacje prawne<\/h3>\n\n\n\n<p class=\"has-text-align-center\">Oferujemy wsparcie prawne dla Klient\u00f3w indywidualnych. Podczas spotkania szczeg\u00f3\u0142owo przeanalizujemy Twoj\u0105 sytuacj\u0119 i wsp\u00f3lnie wybierzemy najkorzystniejsze rozwi\u0105zanie, dbaj\u0105c jednocze\u015bnie o bezpiecze\u0144stwo prawne&nbsp;<\/p>\n<\/div>\n<\/div>\n<\/div>\n\n\n\n<div class=\"wp-block-group alignfull has-ast-global-color-4-background-color has-background is-layout-constrained wp-container-core-group-is-layout-94d206d0 wp-block-group-is-layout-constrained\" id=\"about\" style=\"padding-top:143px;padding-bottom:144px\">\n<div class=\"wp-block-media-text has-media-on-the-right is-stacked-on-mobile is-vertically-aligned-center has-background\" style=\"background-color:#f5f6f8;grid-template-columns:auto 40%\"><div class=\"wp-block-media-text__content\">\n<div class=\"inherit-container-width wp-block-group is-layout-constrained wp-container-core-group-is-layout-21c06ece wp-block-group-is-layout-constrained\" style=\"padding-right:0px\">\n<h1 class=\"wp-block-heading has-text-align-center has-medium-font-size\" style=\"padding-right:40px\">Moim priorytetem jest zapewnienie Klientom bezpiecze\u0144stwa prawnego przy zachowaniu najwy\u017cszych standard\u00f3w pracy<\/h1>\n\n\n\n<hr class=\"wp-block-separator has-text-color has-alpha-channel-opacity has-background is-style-wide\" style=\"margin-top:var(--wp--preset--spacing--40);margin-bottom:var(--wp--preset--spacing--40);background-color:#c9a24d;color:#c9a24d\"\/>\n\n\n\n<p class=\"has-text-align-center\"><strong>Aleksandra Wrzosek \u2013 radca prawny <\/strong><\/p>\n\n\n\n<p class=\"has-text-align-center justowany-tekst max-widh moja-klasa custom-text\">Posiadam wieloletnie do\u015bwiadczenie w kompleksowej obs\u0142udze podmiot\u00f3w wykonuj\u0105cych dzia\u0142alno\u015b\u0107 lecznicz\u0105 prowadzonych w formie sp\u00f3\u0142ek kapita\u0142owych oraz SPZOZ-\u00f3w. \u015awiadcz\u0119 bie\u017c\u0105ce doradztwo prawne w kluczowych obszarach funkcjonowania podmiot\u00f3w ochrony zdrowia, obejmuj\u0105cych w szczeg\u00f3lno\u015bci prawo medyczne, prawo pracy, prawo cywilne oraz prawo zam\u00f3wie\u0144 publicznych, a tak\u017ce obs\u0142ug\u0119 korporacyjn\u0105 podmiot\u00f3w gospodarczych. <\/p>\n\n\n\n<p class=\"has-text-align-center justowany-tekst moja-klasa custom-text\">Dotychczas w swojej praktyce wspiera\u0142am swoich Klient\u00f3w r\u00f3wnie\u017c przy realizacji wielomilionowych inwestycji budowlanych wsp\u00f3\u0142finansowanych m.in. przez RPO, bud\u017cet pa\u0144stwa. Jako radca prawny reprezentuj\u0119 ich interesy r\u00f3wnie\u017c przed s\u0105dami wszystkich instancji. <\/p>\n\n\n\n<p class=\"has-text-align-center justowany-tekst moja-klasa custom-text\">W swojej pracy przywi\u0105zuj\u0119 szczeg\u00f3ln\u0105 wag\u0119 do jako\u015bci \u2013 rozwi\u0105zania, kt\u00f3re kreuj\u0119 dla Klient\u00f3w, s\u0105 zawsze dostosowane do ich indywidualnych potrzeb, z dba\u0142o\u015bci\u0105 o ka\u017cdy detal. Kreatywno\u015b\u0107, dba\u0142o\u015b\u0107 o szczeg\u00f3\u0142y i determinacja w poszukiwaniu najlepszego rozwi\u0105zania to warto\u015bci, kt\u00f3re przek\u0142adaj\u0105 si\u0119 na realne bezpiecze\u0144stwo moich Klient\u00f3w. <\/p>\n\n\n\n<p class=\"has-text-align-center justowany-tekst moja-klasa custom-text\">Wierz\u0119, \u017ce nawet w pozornie trudnych sytuacjach istnieje wyj\u015bcie, kt\u00f3rego warto poszukiwa\u0107. <\/p>\n\n\n\n<p class=\"has-text-align-center justowany-tekst moja-klasa custom-text\">Jestem przekonana, \u017ce pasja i zaanga\u017cowanie tworz\u0105 profesjonalizm i pozwalaj\u0105 osi\u0105gn\u0105\u0107 najwy\u017csz\u0105 jako\u015b\u0107 dla najbardziej wymagaj\u0105cych Klient\u00f3w.<\/p>\n\n\n\n<p><\/p>\n<\/div>\n<\/div><figure class=\"wp-block-media-text__media\"><img loading=\"lazy\" decoding=\"async\" width=\"683\" height=\"1024\" src=\"https:\/\/radca-wrzosek.pl\/wp-content\/uploads\/2026\/01\/DSC04010-683x1024.jpg\" alt=\"\" class=\"wp-image-166 size-full\" srcset=\"https:\/\/radca-wrzosek.pl\/wp-content\/uploads\/2026\/01\/DSC04010-683x1024.jpg 683w, https:\/\/radca-wrzosek.pl\/wp-content\/uploads\/2026\/01\/DSC04010-200x300.jpg 200w, https:\/\/radca-wrzosek.pl\/wp-content\/uploads\/2026\/01\/DSC04010-768x1152.jpg 768w, https:\/\/radca-wrzosek.pl\/wp-content\/uploads\/2026\/01\/DSC04010-1024x1536.jpg 1024w, https:\/\/radca-wrzosek.pl\/wp-content\/uploads\/2026\/01\/DSC04010-1365x2048.jpg 1365w, https:\/\/radca-wrzosek.pl\/wp-content\/uploads\/2026\/01\/DSC04010-scaled.jpg 1707w\" sizes=\"auto, (max-width: 683px) 100vw, 683px\" \/><\/figure><\/div>\n<\/div>\n\n\n\n<div class=\"wp-block-group alignfull is-layout-constrained wp-container-core-group-is-layout-3fee123f wp-block-group-is-layout-constrained\" id=\"whyus\" style=\"padding-top:144px;padding-bottom:144px\">\n<h2 class=\"wp-block-heading has-text-align-center has-large-font-size\">Co wyr\u00f3\u017cnia Kancelari\u0119?<\/h2>\n\n\n\n<hr class=\"wp-block-separator has-text-color has-alpha-channel-opacity has-background is-style-default\" style=\"background-color:#c9a24d;color:#c9a24d\"\/>\n\n\n\n<div class=\"wp-block-columns is-layout-flex wp-container-core-columns-is-layout-29aadeec wp-block-columns-is-layout-flex\" style=\"margin-top:60px\">\n<div class=\"wp-block-column is-layout-flow wp-container-core-column-is-layout-6b73ce23 wp-block-column-is-layout-flow\">\n<figure class=\"wp-block-image aligncenter size-full is-resized\"><img decoding=\"async\" src=\"https:\/\/radca-wrzosek.pl\/wp-content\/uploads\/2026\/01\/hourglass-simple-low-1.svg\" alt=\"\" class=\"wp-image-60\" style=\"width:80px\"\/><\/figure>\n\n\n\n<h3 class=\"wp-block-heading has-text-align-center has-medium-font-size\" style=\"margin-top:16px\">DO\u015aWIADCZENIE<\/h3>\n\n\n\n<p class=\"has-text-align-center\">Od pocz\u0105tku swojej drogi zawodowej zwi\u0105zana by\u0142am z kompleksow\u0105 obs\u0142ug\u0105 prawn\u0105 podmiot\u00f3w leczniczych, w szczeg\u00f3lno\u015bci szpitali dzia\u0142aj\u0105cych zar\u00f3wno w formie sp\u00f3\u0142ek kapita\u0142owych, jak i SPZOZ-\u00f3w. Dzi\u0119ki wieloletniemu do\u015bwiadczeniu i znajomo\u015bci specyfiki tej bran\u017cy specjalizuj\u0119 si\u0119 w kluczowych obszarach funkcjonowania podmiot\u00f3w leczniczych, w tym w obs\u0142udze inwestycji budowlanych, prawie pracy, prawie zam\u00f3wie\u0144 publicznych, a tak\u017ce w sprawach o tzw. b\u0142\u0119dy medyczne. Posiadam wieloletnie do\u015bwiadczenie w obs\u0142udze sp\u00f3\u0142ek prawa handlowego, w szczeg\u00f3lno\u015bci sp\u00f3\u0142ek kapita\u0142owych<\/p>\n<\/div>\n\n\n\n<div class=\"wp-block-column is-layout-flow wp-container-core-column-is-layout-6b73ce23 wp-block-column-is-layout-flow\">\n<figure class=\"wp-block-image aligncenter size-full is-resized\"><img decoding=\"async\" src=\"https:\/\/radca-wrzosek.pl\/wp-content\/uploads\/2026\/01\/puzzle.svg\" alt=\"\" class=\"wp-image-61\" style=\"width:80px\"\/><\/figure>\n\n\n\n<h3 class=\"wp-block-heading has-text-align-center has-medium-font-size\" style=\"margin-top:16px\">KREATYWNO\u015a\u0106<\/h3>\n\n\n\n<p class=\"has-text-align-center\">Nie dzia\u0142am wed\u0142ug gotowych schemat\u00f3w. Ka\u017cde rozwi\u0105zanie tworz\u0119 dla Klienta, bior\u0105c pod uwag\u0119 jego specyfik\u0119, bran\u017c\u0119 i przede wszystkim realne potrzeby. \u0141\u0105cz\u0119 do\u015bwiadczenie i wiedz\u0119 nierzadko kreuj\u0105c innowacyjne rozwi\u0105zania &#8211; zawsze skrojone na miar\u0119<\/p>\n<\/div>\n\n\n\n<div class=\"wp-block-column is-layout-flow wp-container-core-column-is-layout-6b73ce23 wp-block-column-is-layout-flow\">\n<figure class=\"wp-block-image aligncenter size-full is-resized\"><img decoding=\"async\" src=\"https:\/\/radca-wrzosek.pl\/wp-content\/uploads\/2026\/01\/heartbeat.svg\" alt=\"\" class=\"wp-image-58\" style=\"width:80px\"\/><\/figure>\n\n\n\n<h3 class=\"wp-block-heading has-text-align-center has-medium-font-size\" style=\"margin-top:16px\">PASJA<\/h3>\n\n\n\n<p class=\"has-text-align-center\">Sprawy moich Klient\u00f3w to cz\u0119sto wyzwania, kt\u00f3rym nieustannie staram si\u0119 sprosta\u0107. To wielka satysfakcja, kiedy dzi\u0119ki wiedzy i do\u015bwiadczeniu mog\u0119 rozwi\u0105zywa\u0107 problemy, kt\u00f3re na poz\u00f3r wydaj\u0105 si\u0119 sytuacjami bez wyj\u015bcia. Wierz\u0119, \u017ce Klienci ceni\u0105 moje zaanga\u017cowanie i walk\u0119 o ich interesy do samego ko\u0144ca<\/p>\n<\/div>\n<\/div>\n<\/div>\n\n\n\n<ul class=\"wp-block-social-links has-small-icon-size is-style-logos-only wp-container-content-b0223bd5 is-content-justification-right is-nowrap is-layout-flex wp-container-core-social-links-is-layout-ad1cd33a wp-block-social-links-is-layout-flex\"><\/ul>\n\n\n\n<p><\/p>\n","protected":false},"excerpt":{"rendered":"<p>PRAWO MEDYCZNE kompleksowa obs\u0142uga prawna podmiot\u00f3w wykonuj\u0105cych dzia\u0142alno\u015b\u0107 lecznicz\u0105, szkolenia dla personelu medycznego, podmiot\u00f3w leczniczych, wsparcie dla lekarzy przy wyborze [&hellip;]<\/p>\n","protected":false},"author":1,"featured_media":0,"parent":0,"menu_order":0,"comment_status":"closed","ping_status":"closed","template":"","meta":{"site-sidebar-layout":"no-sidebar","site-content-layout":"plain-container","ast-site-content-layout":"default","site-content-style":"default","site-sidebar-style":"default","ast-global-header-display":"","ast-banner-title-visibility":"","ast-main-header-display":"","ast-hfb-above-header-display":"","ast-hfb-below-header-display":"","ast-hfb-mobile-header-display":"","site-post-title":"disabled","ast-breadcrumbs-content":"","ast-featured-img":"","footer-sml-layout":"","ast-disable-related-posts":"","theme-transparent-header-meta":"enabled","adv-header-id-meta":"","stick-header-meta":"","header-above-stick-meta":"","header-main-stick-meta":"","header-below-stick-meta":"","astra-migrate-meta-layouts":"default","ast-page-background-enabled":"default","ast-page-background-meta":{"desktop":{"background-color":"var(--ast-global-color-5)","background-image":"","background-repeat":"repeat","background-position":"center center","background-size":"auto","background-attachment":"scroll","background-type":"","background-media":"","overlay-type":"","overlay-color":"","overlay-opacity":"","overlay-gradient":""},"tablet":{"background-color":"","background-image":"","background-repeat":"repeat","background-position":"center center","background-size":"auto","background-attachment":"scroll","background-type":"","background-media":"","overlay-type":"","overlay-color":"","overlay-opacity":"","overlay-gradient":""},"mobile":{"background-color":"","background-image":"","background-repeat":"repeat","background-position":"center center","background-size":"auto","background-attachment":"scroll","background-type":"","background-media":"","overlay-type":"","overlay-color":"","overlay-opacity":"","overlay-gradient":""}},"ast-content-background-meta":{"desktop":{"background-color":"var(--ast-global-color-4)","background-image":"","background-repeat":"repeat","background-position":"center center","background-size":"auto","background-attachment":"scroll","background-type":"","background-media":"","overlay-type":"","overlay-color":"","overlay-opacity":"","overlay-gradient":""},"tablet":{"background-color":"var(--ast-global-color-4)","background-image":"","background-repeat":"repeat","background-position":"center center","background-size":"auto","background-attachment":"scroll","background-type":"","background-media":"","overlay-type":"","overlay-color":"","overlay-opacity":"","overlay-gradient":""},"mobile":{"background-color":"var(--ast-global-color-4)","background-image":"","background-repeat":"repeat","background-position":"center center","background-size":"auto","background-attachment":"scroll","background-type":"","background-media":"","overlay-type":"","overlay-color":"","overlay-opacity":"","overlay-gradient":""}},"footnotes":""},"class_list":["post-16","page","type-page","status-publish","hentry"],"_links":{"self":[{"href":"https:\/\/radca-wrzosek.pl\/index.php?rest_route=\/wp\/v2\/pages\/16","targetHints":{"allow":["GET"]}}],"collection":[{"href":"https:\/\/radca-wrzosek.pl\/index.php?rest_route=\/wp\/v2\/pages"}],"about":[{"href":"https:\/\/radca-wrzosek.pl\/index.php?rest_route=\/wp\/v2\/types\/page"}],"author":[{"embeddable":true,"href":"https:\/\/radca-wrzosek.pl\/index.php?rest_route=\/wp\/v2\/users\/1"}],"replies":[{"embeddable":true,"href":"https:\/\/radca-wrzosek.pl\/index.php?rest_route=%2Fwp%2Fv2%2Fcomments&post=16"}],"version-history":[{"count":106,"href":"https:\/\/radca-wrzosek.pl\/index.php?rest_route=\/wp\/v2\/pages\/16\/revisions"}],"predecessor-version":[{"id":244,"href":"https:\/\/radca-wrzosek.pl\/index.php?rest_route=\/wp\/v2\/pages\/16\/revisions\/244"}],"wp:attachment":[{"href":"https:\/\/radca-wrzosek.pl\/index.php?rest_route=%2Fwp%2Fv2%2Fmedia&parent=16"}],"curies":[{"name":"wp","href":"https:\/\/api.w.org\/{rel}","templated":true}]}}